123. Let z = 292 - 106. Let p be (z/4)/((-15)/(-20)). What is the greatest common factor of r and p?
31
Suppose 2*w - 58 = 74. Let j = w + 46. What is the highest common factor of 16 and j?
16
Let u be (-5)/(-75)*-3 + 141/5. Suppose u*q = 33*q - 420. What is the highest common divisor of q and 21?
21
Suppose -14605 = -31*b - 4933. What is the highest common divisor of 36 and b?
12
Suppose -52650 = 15*k - 42*k. Calculate the greatest common divisor of k and 60.
30
Let s(r) = -116*r - 147. Let w be s(-8). What is the highest common factor of 71 and w?
71
Let p = 275 + -236. Suppose n - 6 = -2*o, 4*n + 3 = 11. Suppose -o*z + 130 = 3*z. What is the greatest common factor of p and z?
13
Let q = 89 - 73. Let l = 9 - 5. Let x = q + l. What is the highest common factor of 20 and x?
20
Let o be 2 + (-168)/(-4) + (7 - 4). Suppose 0 = 3*y - 15, 3*z - y + 2*y - o = 0. Suppose -4*f + 55 = -1. Calculate the greatest common factor of f and z.
14
Let h = -1602 - -1697. What is the highest common divisor of h and 152?
19
Suppose -252 = -5*s + 4*x, -4*s + 5*x + 187 + 20 = 0. Suppose s = -17*k + 490. What is the greatest common divisor of k and 234?
26
Let l = -92 - -202. Let c(s) be the third derivative of 5*s**4/6 + 2*s**3/3 - 6*s**2. Let f be c(2). What is the highest common factor of l and f?
22
Let f(r) = 3*r**2 - 16*r + 4. Let g be f(-6). Calculate the highest common factor of 16 and g.
16
Let g = 199 + -174. Suppose -3*z + 240 = -360. What is the highest common divisor of g and z?
25
Let i = 1 + -11. Let s = i + 11. Let f be (11 - -6) + (0 - s). What is the greatest common divisor of 2 and f?
2
Let r = -46 + 132. Suppose 112 = 5*n - 4*q, -4*n - 2*q = -14 - r. What is the highest common factor of 36 and n?
12
Suppose 0 = -6*t - 134 - 538. Let g = 118 + t. What is the greatest common factor of 15 and g?
3
Suppose 0 = v, -2*j + j = -3*v - 6. Calculate the greatest common divisor of j and 16.
2
Let j be (-2 + 6)/2 + 66. Let t be -3*(-20)/35 + (-6)/(-21). Suppose 11 + 23 = t*z. What is the highest common divisor of j and z?
17
Let y be 4/(-14) + (-675)/(-35). Suppose 0 = 29*d - 210 - 341. Calculate the highest common factor of d and y.
19
Let m be 33/(1 + (-6)/9). Calculate the greatest common factor of 9 and m.
9
Let v be (-9 - -12)/((-2)/(-28)*2). Let w be -6 - -2 - 6/(-2). Let l be w/(22/(-7) + 3). What is the highest common factor of l and v?
7
Suppose -47*u + 240 = -17*u. Calculate the greatest common divisor of u and 28.
4
Let u be 66/(-176) - (-198)/16. Let a be 3/(27/762) + (-8)/u. Calculate the greatest common factor of 63 and a.
21
Let s(m) = -223*m - 153. Let f be s(-9). What is the greatest common factor of 18 and f?
18
Let m = -87 - -114. What is the highest common factor of 6 and m?
3
Let a be (-2*(-2)/8)/((-4)/48). Let f be (51 - 0) + (a - -4). What is the highest common factor of f and 7?
7
Suppose 21 = t - 4*d, t + 4*d = 6*t - 41. Suppose 5*f + t*o - 25 = 0, -f + 9 = -2*o + 1. Let h = -10 - -13. What is the greatest common factor of h and f?
3
Let y be 560/25*25/10. Calculate the highest common factor of y and 8.
8
Suppose 18*b = 4*b. Suppose 2*c - 5*o - 5 = b, -4*c + 0*c + 4*o = -28. Let n = 7 - 3. Calculate the greatest common factor of n and c.
2
Let z = 13 - 4. Let n(f) = f - 4. Let o be n(2). Let x be 435/6 - (-1)/o. What is the greatest common divisor of x and z?
9
Suppose 0 = -3*q - 4*y + 113, 5*y + 16 = 2*q - 67. Let p = -21 + q. What is the greatest common factor of 18 and p?
18
Let w = 158 - 253. Let k = -56 - w. Calculate the highest common factor of 26 and k.
13
Let u = 11 + -8. Suppose 0 = -w + u*w - 34. Calculate the greatest common divisor of w and 85.
17
Let n(m) = -m**3 + 5*m**2 + 6*m + 6. Let y be n(8). Let l be ((-4)/(-8))/(3/y). Let i = l + 31. What is the highest common factor of 32 and i?
8
Let f(g) = -g + 40. Let a be f(0). Suppose -2*k + 5*h + 82 = 0, -5*h = 4*k - 83 - 21. Let u = k + -21. What is the greatest common factor of u and a?
10
Suppose 3*x + 8*o - 44 = 3*o, x = -o + 18. Let l = -18 + x. Suppose -w - l + 15 = 0. Calculate the greatest common divisor of w and 70.
10
Let j = 664 - -35. Calculate the greatest common divisor of j and 3.
3
Suppose 5*i + 3*u - 39 = 0, 4*u - u + 42 = 4*i. Calculate the greatest common factor of i and 30.
3
Let a be 3/(396/78 + -5). Suppose 42*r - a*r = 57. Calculate the greatest common factor of r and 76.
19
Let g = 8 - 18. Let a = 30 + g. What is the highest common factor of a and 8?
4
Suppose -2*f = f - 27. Suppose -4*q + f = -31. Suppose -2*b + 60 = q. What is the greatest common divisor of b and 50?
25
Suppose -7*f - 45 + 80 = 0. Let u be -1 + 92/((-4)/(-2)). Calculate the highest common divisor of u and f.
5
Let v(o) = -2*o**2 - 49*o - 53. Let y be v(-23). What is the greatest common divisor of y and 8?
8
Let b(o) = o - 13. Let h be b(0). Let y be 2*3*(14 + h). Let c be 133/5 - y/(-15). What is the highest common factor of c and 18?
9
Let h(w) be the second derivative of w**5/10 + 7*w**4/6 - w**3/2 + 4*w**2 - 28*w. Let v be h(-7). What is the greatest common divisor of v and 87?
29
Let f(q) = 4*q. Let l be f(5). Let y(r) = -15*r + 2. Let b be y(5). Let j = b - -123. Calculate the greatest common factor of j and l.
10
Let j(i) = i**3 - i**2 - 3*i - 36. Let w be j(6). What is the greatest common factor of 18 and w?
18
Let x(y) = 12*y**2 - 6*y. Let w(z) = z. Let n(g) = 5*w(g) + x(g). Let c be n(1). What is the greatest common divisor of 33 and c?
11
Suppose -m - 3*m + 12 = 0. Suppose 4*u = s - 164, 0 = -5*u + u + 20. Suppose m*k = -s + 709. What is the highest common divisor of k and 25?
25
Let h be 10 + (4/1 - 2). Suppose -5*l - 4*l + 864 = 0. Calculate the highest common divisor of h and l.
12
Let d be 12*(3 - 4/2). Let w be (-4 + 92/d)*12. What is the greatest common factor of 4 and w?
4
Suppose 201 = 4*y - 23. Suppose -4*j + 2*h = -58, -2*h - 19 = -j + 3*h. What is the greatest common divisor of y and j?
14
Let s be (-231 - -3)/(-3) + 2. Let q be (s/9)/((-2)/(-24)). Suppose 0 = -5*y - 2*k + 67, y = -2*k - 3*k + 18. What is the greatest common divisor of y and q?
13
Let c = 526 - 517. Calculate the greatest common divisor of 72 and c.
9
Let o = -137 + 102. Let r = o + 92. Calculate the greatest common divisor of 76 and r.
19
Suppose 4*a = 3*j + 21, 5*a + 5*j + 25 = 60. Let i be 30/a + -8 + (83 - -1). Calculate the greatest common divisor of 9 and i.
9
Suppose 1350 = 15*z + 12*z. Calculate the greatest common divisor of 10 and z.
10
Suppose -139 = 4*u - 203. Suppose -2*i + 6*i + 2*k = 88, 5*k - 100 = -5*i. Calculate the highest common factor of i and u.
8
Let f(u) = 21*u + 4*u**2 - 15 + 4*u**2 - 3*u**2 - 4*u**2. Let d be f(-22). Let n be (2 + -7)/((-1)/7). What is the greatest common factor of n and d?
7
Suppose 52*l - 1164 = -45*l. Calculate the highest common factor of 93 and l.
3
Let i be 2 + -2 + 0 + 240. Let r(z) = z**3 - 4*z**2 + 7*z + 96. Let l be r(0). What is the highest common divisor of i and l?
48
Let d be (-4)/12 + (-1352)/(-6). Suppose -3*x = 2*x - d. Suppose -5*f + 20 = -5. What is the greatest common divisor of x and f?
5
Let p be (-9)/(-3*(-1)/(-4)). Let x be 0 + 59 + -3 + 5. Suppose -5*j = -59 - x. What is the greatest common divisor of j and p?
12
Let h be 1*(-5)/20 + 15/12. Let w be ((-88)/(-16))/(h + (-1)/2). Calculate the greatest common divisor of w and 99.
11
Let n(g) = 3*g**3 - g**2 - 3*g - 3. Let b be n(-2). Let p = b + 80. Suppose -5*o = -p + 25. What is the greatest common factor of 6 and o?
6
Suppose 0*g - 600 = -5*g. Let j be ((-12)/(-15))/(4/g). What is the highest common factor of 6 and j?
6
Let i = 206 + -107. Calculate the greatest common factor of 18 and i.
9
Let w(c) = 28*c - 36*c - 12 + 51*c. Let y be w(-4). Let k = 268 + y. Calculate the highest common divisor of k and 28.
28
Suppose 14 = -2*r - 4. Let d(m) = -2*m**2 - 22*m - 8. Let k be d(r). Suppose g = 4*g - 210. What is the highest common factor of k and g?
14
Suppose -2*p = d - 4*p - 39, -10 = -5*p. What is the greatest common divisor of 602 and d?
43
Let k = -446 - -523. What is the highest common factor of 77 and k?
77
Suppose -15*s + 17*s + 60 = 5*y, -2*y = -5*s - 24. Let b(m) = m**2 + m + 1. Let k be b(-2). Calculate the highest common divisor of k and y.
3
Let k = -31 - -36. Su